{"id":169,"date":"2021-11-12T09:43:17","date_gmt":"2021-11-12T08:43:17","guid":{"rendered":"http:\/\/kapitangruz.com.pl\/?page_id=169"},"modified":"2023-09-01T10:16:52","modified_gmt":"2023-09-01T08:16:52","slug":"169-2","status":"publish","type":"page","link":"http:\/\/kapitangruz.com.pl\/","title":{"rendered":""},"content":{"rendered":"<p>[et_pb_section fb_built=&#8221;1&#8243; admin_label=&#8221;Header&#8221; _builder_version=&#8221;4.9.7&#8243; _module_preset=&#8221;default&#8221; background_image=&#8221;http:\/\/kapitangruz.com.pl\/wp-content\/uploads\/2021\/11\/softball-league_01.jpg&#8221; custom_padding=&#8221;7vw||23px||false|false&#8221; locked=&#8221;off&#8221; global_colors_info=&#8221;{}&#8221;][et_pb_row _builder_version=&#8221;4.13.0&#8243; _module_preset=&#8221;default&#8221; background_color=&#8221;RGBA(0,0,0,0)&#8221; background_image=&#8221;http:\/\/kapitangruz.com.pl\/wp-content\/uploads\/2021\/11\/Kapitan-Gruz-Wywoz-gruzu-slaskie-4.png&#8221; custom_padding=&#8221;26px|20px|26px|20px|true|true&#8221; border_width_all=&#8221;10px&#8221; border_color_all=&#8221;#4d5090&#8243; border_style_all=&#8221;double&#8221; global_colors_info=&#8221;{%22gcid-9a3c6cdc-c94d-4dfc-b0c7-f7ce8042e378%22:%91%93,%22gcid-9d667d4f-1d46-4fb7-8baa-86ed1684a562%22:%91%93,%22gcid-baff19a1-6b3f-4116-a4e0-e0370976221b%22:%91%93}&#8221;][et_pb_column type=&#8221;4_4&#8243; _builder_version=&#8221;4.9.7&#8243; _module_preset=&#8221;default&#8221; global_colors_info=&#8221;{}&#8221;][et_pb_text _builder_version=&#8221;4.9.7&#8243; _module_preset=&#8221;0c6bc8be-1265-496d-a8dc-bc5e9a9a9edf&#8221; header_font=&#8221;||||||||&#8221; header_3_font=&#8221;Oswald|||on|||||&#8221; header_3_text_color=&#8221;#f86b51&#8243; header_3_font_size=&#8221;30px&#8221; header_3_letter_spacing=&#8221;1.5px&#8221; header_3_line_height=&#8221;1.4em&#8221; transform_skew=&#8221;0deg|-8deg&#8221; transform_skew_linked=&#8221;off&#8221; custom_margin=&#8221;||40px||false|false&#8221; header_3_font_size_tablet=&#8221;20px&#8221; header_3_font_size_phone=&#8221;16px&#8221; header_3_font_size_last_edited=&#8221;on|phone&#8221; locked=&#8221;off&#8221; global_colors_info=&#8221;{}&#8221;]<\/p>\n<h3>bohater, kt\u00f3ry wywiezie tw\u00f3j gruz<\/h3>\n<p>[\/et_pb_text][et_pb_image src=&#8221;http:\/\/kapitangruz.com.pl\/wp-content\/uploads\/2021\/06\/Kapitan_Gruz_LOGO_Wywoz_smieci.png&#8221; title_text=&#8221;Kapitan_Gruz_LOGO_Wyw\u00f3z_\u015bmieci&#8221; align_last_edited=&#8221;off|tablet&#8221; _builder_version=&#8221;4.13.0&#8243; _module_preset=&#8221;default&#8221; positioning=&#8221;absolute&#8221; position_origin_a=&#8221;top_right&#8221; vertical_offset=&#8221;-47%&#8221; horizontal_offset=&#8221;-13%&#8221; position_origin_a_tablet=&#8221;&#8221; position_origin_a_phone=&#8221;&#8221; position_origin_a_last_edited=&#8221;on|tablet&#8221; position_origin_f_tablet=&#8221;&#8221; position_origin_f_phone=&#8221;&#8221; position_origin_f_last_edited=&#8221;on|desktop&#8221; position_origin_r_tablet=&#8221;&#8221; position_origin_r_phone=&#8221;&#8221; position_origin_r_last_edited=&#8221;on|desktop&#8221; width=&#8221;40%&#8221; max_width_tablet=&#8221;300px&#8221; max_width_phone=&#8221;200px&#8221; max_width_last_edited=&#8221;off|desktop&#8221; max_height_tablet=&#8221;190px&#8221; max_height_phone=&#8221;&#8221; max_height_last_edited=&#8221;on|tablet&#8221; animation_style=&#8221;zoom&#8221; positioning_tablet=&#8221;none&#8221; positioning_phone=&#8221;&#8221; positioning_last_edited=&#8221;on|phone&#8221; global_colors_info=&#8221;{}&#8221;][\/et_pb_image][et_pb_text _builder_version=&#8221;4.9.7&#8243; _module_preset=&#8221;e598b17a-9229-42f6-b238-019d6094332e&#8221; header_font=&#8221;Oswald|700||on|||||&#8221; header_text_color=&#8221;#4d5090&#8243; header_font_size=&#8221;150px&#8221; header_letter_spacing=&#8221;0.06em&#8221; header_line_height=&#8221;1.1em&#8221; custom_margin=&#8221;|-8vw||-8vw|false|true&#8221; custom_margin_tablet=&#8221;|0px||0px|false|true&#8221; custom_margin_phone=&#8221;&#8221; custom_margin_last_edited=&#8221;on|tablet&#8221; custom_padding=&#8221;||0px|||&#8221; header_font_size_tablet=&#8221;75px&#8221; header_font_size_phone=&#8221;30px&#8221; header_font_size_last_edited=&#8221;on|phone&#8221; global_colors_info=&#8221;{}&#8221;]<\/p>\n<h1>Kapitan GRUZ<\/h1>\n<p>&nbsp;<\/p>\n<p>[\/et_pb_text][\/et_pb_column][\/et_pb_row][et_pb_row _builder_version=&#8221;4.9.7&#8243; _module_preset=&#8221;default&#8221; custom_margin=&#8221;|auto|-27px|auto||&#8221; custom_padding=&#8221;0px|||||&#8221; locked=&#8221;off&#8221; global_colors_info=&#8221;{}&#8221;][et_pb_column type=&#8221;4_4&#8243; _builder_version=&#8221;4.9.7&#8243; _module_preset=&#8221;default&#8221; global_colors_info=&#8221;{}&#8221;][et_pb_button button_url=&#8221;http:\/\/kapitangruz.com.pl\/?page_id=195&#8243; button_text=&#8221;Zobacz ofert\u0119&#8221; button_alignment=&#8221;right&#8221; _builder_version=&#8221;4.13.0&#8243; _module_preset=&#8221;f05bba5e-c4ed-4d16-99f6-de883c2b94d5&#8243; custom_button=&#8221;on&#8221; button_text_size=&#8221;12px&#8221; button_text_color=&#8221;#FFFFFF&#8221; button_bg_color=&#8221;#f86b51&#8243; button_border_width=&#8221;0px&#8221; button_border_radius=&#8221;0px&#8221; button_letter_spacing=&#8221;3px&#8221; button_font=&#8221;Open Sans|800||on|||||&#8221; custom_margin_tablet=&#8221;||-100px||false|false&#8221; custom_margin_phone=&#8221;||-90px||false|false&#8221; custom_margin_last_edited=&#8221;off|desktop&#8221; custom_padding=&#8221;20px|20px|20px|20px|true|true&#8221; locked=&#8221;off&#8221; global_colors_info=&#8221;{}&#8221;][\/et_pb_button][\/et_pb_column][\/et_pb_row][\/et_pb_section][et_pb_section fb_built=&#8221;1&#8243; admin_label=&#8221;About&#8221; _builder_version=&#8221;4.9.7&#8243; _module_preset=&#8221;default&#8221; background_color=&#8221;#f9f7f8&#8243; custom_padding=&#8221;25px||15px|||&#8221; locked=&#8221;off&#8221; global_colors_info=&#8221;{}&#8221;][et_pb_row _builder_version=&#8221;4.9.7&#8243; _module_preset=&#8221;default&#8221; custom_padding=&#8221;||24px|||&#8221; global_colors_info=&#8221;{}&#8221;][et_pb_column type=&#8221;4_4&#8243; _builder_version=&#8221;4.9.7&#8243; _module_preset=&#8221;default&#8221; global_colors_info=&#8221;{}&#8221;][et_pb_text _builder_version=&#8221;4.13.0&#8243; _module_preset=&#8221;003e9429-8e11-4d9e-968b-8881092bbf81&#8243; header_2_font=&#8221;Oswald|||on|||||&#8221; header_2_text_align=&#8221;center&#8221; header_2_text_color=&#8221;#000000&#8243; header_2_font_size=&#8221;60px&#8221; header_2_letter_spacing=&#8221;3px&#8221; header_2_line_height=&#8221;1.35em&#8221; background_enable_image=&#8221;off&#8221; background_size=&#8221;contain&#8221; custom_margin=&#8221;||1px|||&#8221; custom_padding=&#8221;22px||22px||true|false&#8221; header_2_font_size_tablet=&#8221;32px&#8221; header_2_font_size_phone=&#8221;20px&#8221; header_2_font_size_last_edited=&#8221;on|desktop&#8221; header_2_line_height_phone=&#8221;1.35em&#8221; header_2_line_height_last_edited=&#8221;off|phone&#8221; global_colors_info=&#8221;{}&#8221;]<\/p>\n<h2>Kim jest kapitan gruz?<\/h2>\n<p>[\/et_pb_text][et_pb_text _builder_version=&#8221;4.13.0&#8243; _module_preset=&#8221;bc6cae60-9fd0-48b3-a032-f2876734c2dd&#8221; text_font=&#8221;||||||||&#8221; text_font_size=&#8221;18px&#8221; text_line_height=&#8221;1.8em&#8221; text_orientation=&#8221;center&#8221; custom_padding=&#8221;9px|||||&#8221; text_font_size_tablet=&#8221;16px&#8221; text_font_size_phone=&#8221;14px&#8221; text_font_size_last_edited=&#8221;on|phone&#8221; locked=&#8221;off&#8221; global_colors_info=&#8221;{}&#8221;]<\/p>\n<p>Kapitan Gruz po bohatersku zajmie si\u0119 Twoim problemem z odpadami. Oferujemy <strong>wynajem kontener\u00f3w, odbi\u00f3r, wyw\u00f3z oraz utylizacj\u0119 \u015bmieci<\/strong> na terenie wojew\u00f3dztwa \u015bl\u0105skiego.\u00a0 I chocia\u017c Kapitan Gruz m\u00f3g\u0142by si\u0119 kojarzy\u0107 jedynie z wywozem gruzu, w naszej ofercie gwarantujemy r\u00f3wnie\u017c zagospodarowanie takich odpad\u00f3w jak: <strong>odpady zielone, zmieszane odpady budowlane, wielkogabarytowe, materia\u0142y izolacyjne, azbest, papa i inne<\/strong>. Znajdziemy rozwi\u0105zanie nawet dla niestandardowych i cz\u0119sto problematycznych odpad\u00f3w!<\/p>\n<p>[\/et_pb_text][\/et_pb_column][\/et_pb_row][\/et_pb_section][et_pb_section fb_built=&#8221;1&#8243; custom_padding_last_edited=&#8221;off|desktop&#8221; admin_label=&#8221;Programs&#8221; _builder_version=&#8221;4.9.7&#8243; _module_preset=&#8221;default&#8221; background_color=&#8221;#f9f7f8&#8243; custom_padding=&#8221;15px|||||&#8221; custom_padding_tablet=&#8221;100px||||false|false&#8221; custom_padding_phone=&#8221;60px||||false|false&#8221; locked=&#8221;off&#8221; global_colors_info=&#8221;{}&#8221;][et_pb_row column_structure=&#8221;1_2,1_2&#8243; make_equal=&#8221;on&#8221; _builder_version=&#8221;4.13.0&#8243; _module_preset=&#8221;default&#8221; locked=&#8221;off&#8221; global_colors_info=&#8221;{}&#8221;][et_pb_column type=&#8221;1_2&#8243; _builder_version=&#8221;4.13.0&#8243; _module_preset=&#8221;default&#8221; background_color=&#8221;#eb6309&#8243; background_image=&#8221;http:\/\/kapitangruz.com.pl\/wp-content\/uploads\/2021\/11\/background-tile-01.png&#8221; background_size=&#8221;initial&#8221; background_repeat=&#8221;repeat&#8221; custom_padding=&#8221;60px|30px|60px|30px|true|true&#8221; custom_padding_tablet=&#8221;&#8221; custom_padding_phone=&#8221;40px|20px|40px|20px|true|true&#8221; custom_padding_last_edited=&#8221;on|phone&#8221; global_colors_info=&#8221;{}&#8221;][et_pb_text _builder_version=&#8221;4.13.0&#8243; _module_preset=&#8221;38128ce4-78a8-4c45-b3ff-f4fb37f074f0&#8243; header_font=&#8221;||||||||&#8221; header_4_font=&#8221;Oswald|||on|||||&#8221; header_4_text_color=&#8221;#FFFFFF&#8221; header_4_font_size=&#8221;24px&#8221; header_4_letter_spacing=&#8221;1px&#8221; header_4_line_height=&#8221;1.5em&#8221; custom_margin=&#8221;||0px|||&#8221; filter_hue_rotate=&#8221;100deg&#8221; header_4_font_size_tablet=&#8221;18px&#8221; header_4_font_size_phone=&#8221;16px&#8221; header_4_font_size_last_edited=&#8221;on|phone&#8221; global_colors_info=&#8221;{}&#8221;]<\/p>\n<h4>WYNAJEM KONTENER\u00d3W<\/h4>\n<p>[\/et_pb_text][et_pb_text _builder_version=&#8221;4.13.0&#8243; _module_preset=&#8221;7262e956-c376-4aa6-9642-c413f71527d0&#8243; text_text_color=&#8221;rgba(255,255,255,0.7)&#8221; text_line_height=&#8221;1.8em&#8221; text_font_size_tablet=&#8221;&#8221; text_font_size_phone=&#8221;13px&#8221; text_font_size_last_edited=&#8221;on|phone&#8221; header_font_size_tablet=&#8221;55px&#8221; header_font_size_last_edited=&#8221;off|desktop&#8221; global_colors_info=&#8221;{}&#8221;]<\/p>\n<p>Posiadamy kontenery na wynajem dostosowane do r\u00f3\u017cnorodnych potrzeb. Zale\u017cy nam na zadowoleniu naszych klient\u00f3w, dlatego termin podstawienia kontenera oraz d\u0142ugo\u015b\u0107 czasu wynajmu mo\u017cna swobodnie dostosowa\u0107.<\/p>\n<p>[\/et_pb_text][\/et_pb_column][et_pb_column type=&#8221;1_2&#8243; _builder_version=&#8221;4.13.0&#8243; _module_preset=&#8221;default&#8221; background_color=&#8221;#085759&#8243; background_image=&#8221;http:\/\/kapitangruz.com.pl\/wp-content\/uploads\/2021\/11\/background-tile-01.png&#8221; background_size=&#8221;initial&#8221; background_repeat=&#8221;repeat&#8221; custom_padding=&#8221;60px|30px|60px|30px|true|true&#8221; custom_padding_tablet=&#8221;&#8221; custom_padding_phone=&#8221;40px|20px|40px|20px|true|true&#8221; custom_padding_last_edited=&#8221;on|phone&#8221; global_colors_info=&#8221;{}&#8221;][et_pb_text _builder_version=&#8221;4.13.0&#8243; _module_preset=&#8221;38128ce4-78a8-4c45-b3ff-f4fb37f074f0&#8243; header_font=&#8221;||||||||&#8221; header_4_font=&#8221;Oswald|||on|||||&#8221; header_4_text_color=&#8221;#FFFFFF&#8221; header_4_font_size=&#8221;24px&#8221; header_4_letter_spacing=&#8221;1px&#8221; header_4_line_height=&#8221;1.5em&#8221; custom_margin=&#8221;||0px|||&#8221; header_4_font_size_tablet=&#8221;18px&#8221; header_4_font_size_phone=&#8221;16px&#8221; header_4_font_size_last_edited=&#8221;on|phone&#8221; locked=&#8221;off&#8221; global_colors_info=&#8221;{}&#8221;]<\/p>\n<h4>GOSPODARKA ODPADAMI<\/h4>\n<p>[\/et_pb_text][et_pb_text _builder_version=&#8221;4.13.0&#8243; _module_preset=&#8221;7262e956-c376-4aa6-9642-c413f71527d0&#8243; text_text_color=&#8221;rgba(255,255,255,0.7)&#8221; text_line_height=&#8221;1.8em&#8221; text_font_size_tablet=&#8221;&#8221; text_font_size_phone=&#8221;13px&#8221; text_font_size_last_edited=&#8221;on|phone&#8221; header_font_size_tablet=&#8221;55px&#8221; header_font_size_last_edited=&#8221;off|desktop&#8221; locked=&#8221;off&#8221; global_colors_info=&#8221;{}&#8221;]<\/p>\n<p>Kapitan Gruz przyjdzie ci na pomoc kiedy potrzebujesz pozby\u0107 si\u0119 odpad\u00f3w budowlanych, remontowych, zmieszanych , zielonych, wielkogabarytowych i r\u00f3\u017cnych innych, kt\u00f3re mog\u0105 zak\u0142\u00f3ca\u0107 Tw\u00f3j spok\u00f3j. Wywieziemy i zutylizujemy. Daj si\u0119 uratowa\u0107!<\/p>\n<p>[\/et_pb_text][\/et_pb_column][\/et_pb_row][\/et_pb_section][et_pb_section fb_built=&#8221;1&#8243; admin_label=&#8221;CTA&#8221; _builder_version=&#8221;4.13.0&#8243; _module_preset=&#8221;default&#8221; use_background_color_gradient=&#8221;on&#8221; background_color_gradient_start=&#8221;rgba(44,41,79,0.81)&#8221; background_color_gradient_end=&#8221;#18162b&#8221; background_color_gradient_overlays_image=&#8221;on&#8221; background_image=&#8221;http:\/\/kapitangruz.com.pl\/wp-content\/uploads\/2021\/06\/jan-antonin-kolar-ALBbQmZOnYs-unsplash-1-scaled.jpg&#8221; min_height=&#8221;533.7px&#8221; custom_margin=&#8221;-2px|||||&#8221; custom_padding=&#8221;5vw||5vw||true|false&#8221; locked=&#8221;off&#8221; global_colors_info=&#8221;{}&#8221;][et_pb_row _builder_version=&#8221;4.9.7&#8243; _module_preset=&#8221;default&#8221; background_enable_color=&#8221;off&#8221; custom_padding=&#8221;40px|20px|40px|20px|true|true&#8221; border_width_all=&#8221;10px&#8221; border_color_all=&#8221;#F9F7F8&#8243; border_style_all=&#8221;double&#8221; global_colors_info=&#8221;{%22gcid-9a3c6cdc-c94d-4dfc-b0c7-f7ce8042e378%22:%91%93,%22gcid-9d667d4f-1d46-4fb7-8baa-86ed1684a562%22:%91%93,%22gcid-baff19a1-6b3f-4116-a4e0-e0370976221b%22:%91%93}&#8221;][et_pb_column type=&#8221;4_4&#8243; _builder_version=&#8221;4.9.7&#8243; _module_preset=&#8221;default&#8221; global_colors_info=&#8221;{}&#8221;][et_pb_text _builder_version=&#8221;4.9.7&#8243; _module_preset=&#8221;default&#8221; header_2_font=&#8221;Oswald|700||on|||||&#8221; header_2_text_color=&#8221;#F86B51&#8243; header_2_font_size=&#8221;112px&#8221; header_2_letter_spacing=&#8221;0.06em&#8221; header_2_line_height=&#8221;1.1em&#8221; header_4_line_height=&#8221;1.5em&#8221; text_orientation=&#8221;center&#8221; header_font_size_tablet=&#8221;&#8221; header_font_size_phone=&#8221;&#8221; header_font_size_last_edited=&#8221;on|desktop&#8221; header_2_font_size_tablet=&#8221;62px&#8221; header_2_font_size_phone=&#8221;32px&#8221; header_2_font_size_last_edited=&#8221;on|phone&#8221; header_4_font_size_tablet=&#8221;&#8221; header_4_font_size_phone=&#8221;15px&#8221; header_4_font_size_last_edited=&#8221;on|tablet&#8221; global_colors_info=&#8221;{}&#8221;]<\/p>\n<h2>daj si\u0119 uratowa\u0107!<\/h2>\n<p>[\/et_pb_text][et_pb_text _builder_version=&#8221;4.9.7&#8243; _module_preset=&#8221;0c6bc8be-1265-496d-a8dc-bc5e9a9a9edf&#8221; header_font=&#8221;||||||||&#8221; header_3_font=&#8221;Oswald|||on|||||&#8221; header_3_text_color=&#8221;#FAF7EF&#8221; header_3_font_size=&#8221;30px&#8221; header_3_letter_spacing=&#8221;1.5px&#8221; header_3_line_height=&#8221;1.4em&#8221; text_orientation=&#8221;center&#8221; header_3_font_size_tablet=&#8221;20px&#8221; header_3_font_size_phone=&#8221;16px&#8221; header_3_font_size_last_edited=&#8221;on|phone&#8221; locked=&#8221;off&#8221; global_colors_info=&#8221;{}&#8221;]<\/p>\n<h3>skontaktuj si\u0119 z nami<\/h3>\n<p>[\/et_pb_text][et_pb_button button_url=&#8221;http:\/\/kapitangruz.com.pl\/?page_id=218&#8243; button_text=&#8221;kontakt&#8221; button_alignment=&#8221;center&#8221; _builder_version=&#8221;4.13.0&#8243; _module_preset=&#8221;f05bba5e-c4ed-4d16-99f6-de883c2b94d5&#8243; custom_button=&#8221;on&#8221; button_text_size=&#8221;12px&#8221; button_text_color=&#8221;#FFFFFF&#8221; button_bg_color=&#8221;#f86b51&#8243; button_border_width=&#8221;0px&#8221; button_border_radius=&#8221;0px&#8221; button_letter_spacing=&#8221;3px&#8221; button_font=&#8221;Open Sans|800||on|||||&#8221; custom_padding=&#8221;20px|20px|20px|20px|true|true&#8221; locked=&#8221;off&#8221; global_colors_info=&#8221;{}&#8221;][\/et_pb_button][\/et_pb_column][\/et_pb_row][\/et_pb_section][et_pb_section fb_built=&#8221;1&#8243; custom_padding_last_edited=&#8221;off|desktop&#8221; admin_label=&#8221;Footer&#8221; _builder_version=&#8221;4.9.7&#8243; _module_preset=&#8221;default&#8221; background_color=&#8221;#F9F7F8&#8243; background_image=&#8221;http:\/\/kapitangruz.com.pl\/wp-content\/uploads\/2021\/11\/background-tile-02.png&#8221; background_size=&#8221;initial&#8221; background_repeat=&#8221;repeat&#8221; custom_padding=&#8221;38px||40px|||&#8221; custom_padding_tablet=&#8221;0px||||false|false&#8221; saved_tabs=&#8221;all&#8221; global_colors_info=&#8221;{}&#8221;][et_pb_row column_structure=&#8221;1_3,1_3,1_3&#8243; _builder_version=&#8221;4.9.7&#8243; _module_preset=&#8221;default&#8221; global_colors_info=&#8221;{}&#8221;][et_pb_column type=&#8221;1_3&#8243; _builder_version=&#8221;4.9.7&#8243; _module_preset=&#8221;default&#8221; global_colors_info=&#8221;{}&#8221;][et_pb_text _builder_version=&#8221;4.13.0&#8243; _module_preset=&#8221;38128ce4-78a8-4c45-b3ff-f4fb37f074f0&#8243; header_font=&#8221;||||||||&#8221; header_4_font=&#8221;Oswald|||on|||||&#8221; header_4_text_color=&#8221;#000000&#8243; header_4_font_size=&#8221;24px&#8221; header_4_letter_spacing=&#8221;1px&#8221; header_4_line_height=&#8221;1.5em&#8221; custom_margin=&#8221;||0px||false|false&#8221; header_4_font_size_tablet=&#8221;18px&#8221; header_4_font_size_phone=&#8221;16px&#8221; header_4_font_size_last_edited=&#8221;on|phone&#8221; locked=&#8221;off&#8221; global_colors_info=&#8221;{}&#8221;]<\/p>\n<h4>KONTAKT<\/h4>\n<p>[\/et_pb_text][et_pb_text _builder_version=&#8221;4.13.0&#8243; _module_preset=&#8221;7262e956-c376-4aa6-9642-c413f71527d0&#8243; text_line_height=&#8221;1.8em&#8221; custom_padding=&#8221;6px|||||&#8221; text_font_size_tablet=&#8221;&#8221; text_font_size_phone=&#8221;13px&#8221; text_font_size_last_edited=&#8221;on|phone&#8221; header_font_size_tablet=&#8221;55px&#8221; header_font_size_last_edited=&#8221;off|desktop&#8221; locked=&#8221;off&#8221; global_colors_info=&#8221;{}&#8221;]<\/p>\n<p><strong>TEL: <\/strong>+48 577 722 256<\/p>\n<p><strong>E-MAIL:\u00a0<\/strong><a href=\"#\">biuro@proenviro.com.pl<\/a><\/p>\n<p><strong>ADRES BIURA:<br \/><\/strong>ul. Bema 1A<br \/>B\u0119dzin<\/p>\n<p><strong>GODZINY PRACY BIURA:<\/strong><br \/>Pon-Pt: 8:00 &#8211; 16:00<br \/>Sob -Nd:\u00a0 nieczynne<\/p>\n<p>[\/et_pb_text][\/et_pb_column][et_pb_column type=&#8221;1_3&#8243; _builder_version=&#8221;4.9.7&#8243; _module_preset=&#8221;default&#8221; global_colors_info=&#8221;{}&#8221;][\/et_pb_column][et_pb_column type=&#8221;1_3&#8243; _builder_version=&#8221;4.9.7&#8243; _module_preset=&#8221;default&#8221; global_colors_info=&#8221;{}&#8221;][et_pb_text _builder_version=&#8221;4.13.0&#8243; _module_preset=&#8221;38128ce4-78a8-4c45-b3ff-f4fb37f074f0&#8243; header_font=&#8221;||||||||&#8221; header_4_font=&#8221;Oswald|||on|||||&#8221; header_4_text_color=&#8221;#000000&#8243; header_4_font_size=&#8221;24px&#8221; header_4_letter_spacing=&#8221;1px&#8221; header_4_line_height=&#8221;1.5em&#8221; custom_margin=&#8221;||0px||false|false&#8221; header_4_font_size_tablet=&#8221;18px&#8221; header_4_font_size_phone=&#8221;16px&#8221; header_4_font_size_last_edited=&#8221;on|phone&#8221; locked=&#8221;off&#8221; global_colors_info=&#8221;{}&#8221;]<\/p>\n<h4>KAPITAN GRUZ<\/h4>\n<p>[\/et_pb_text][et_pb_text _builder_version=&#8221;4.13.0&#8243; _module_preset=&#8221;7262e956-c376-4aa6-9642-c413f71527d0&#8243; text_line_height=&#8221;1.8em&#8221; custom_margin=&#8221;||14px|||&#8221; custom_padding=&#8221;|84px||||&#8221; text_font_size_tablet=&#8221;&#8221; text_font_size_phone=&#8221;13px&#8221; text_font_size_last_edited=&#8221;on|phone&#8221; header_font_size_tablet=&#8221;55px&#8221; header_font_size_last_edited=&#8221;off|desktop&#8221; locked=&#8221;off&#8221; global_colors_info=&#8221;{}&#8221;]<\/p>\n<p>Kapitan Gruz jest cz\u0119\u015bci\u0105 grupy ProEnviro Sp. z o.o.<\/p>\n<p>[\/et_pb_text][et_pb_image src=&#8221;http:\/\/kapitangruz.com.pl\/wp-content\/uploads\/2021\/11\/pro-enviro-ciemne.png&#8221; title_text=&#8221;pro enviro &#8211; ciemne&#8221; url=&#8221;https:\/\/proenviro.com.pl\/&#8221; url_new_window=&#8221;on&#8221; _builder_version=&#8221;4.13.0&#8243; _module_preset=&#8221;default&#8221; width=&#8221;70%&#8221; module_alignment=&#8221;left&#8221; global_colors_info=&#8221;{}&#8221;][\/et_pb_image][\/et_pb_column][\/et_pb_row][\/et_pb_section]<\/p>\n","protected":false},"excerpt":{"rendered":"<p>bohater, kt\u00f3ry wywiezie tw\u00f3j gruzKapitan GRUZ &nbsp;Kim jest kapitan gruz?Kapitan Gruz po bohatersku zajmie si\u0119 Twoim problemem z odpadami. Oferujemy wynajem kontener\u00f3w, odbi\u00f3r, wyw\u00f3z oraz utylizacj\u0119 \u015bmieci na terenie wojew\u00f3dztwa \u015bl\u0105skiego.\u00a0 I chocia\u017c Kapitan Gruz m\u00f3g\u0142by si\u0119 kojarzy\u0107 jedynie z wywozem gruzu, w naszej ofercie gwarantujemy r\u00f3wnie\u017c zagospodarowanie takich odpad\u00f3w jak: odpady zielone, zmieszane odpady [&hellip;]<\/p>\n","protected":false},"author":1,"featured_media":0,"parent":0,"menu_order":0,"comment_status":"closed","ping_status":"closed","template":"","meta":{"_et_pb_use_builder":"on","_et_pb_old_content":"","_et_gb_content_width":""},"yoast_head":"<!-- This site is optimized with the Yoast SEO plugin v19.9 - https:\/\/yoast.com\/wordpress\/plugins\/seo\/ -->\n<title>- Kapitan Gruz<\/title>\n<meta name=\"robots\" content=\"index, follow, max-snippet:-1, max-image-preview:large, max-video-preview:-1\" \/>\n<link rel=\"canonical\" href=\"http:\/\/kapitangruz.com.pl\/\" \/>\n<meta property=\"og:locale\" content=\"pl_PL\" \/>\n<meta property=\"og:type\" content=\"article\" \/>\n<meta property=\"og:title\" content=\"- Kapitan Gruz\" \/>\n<meta property=\"og:description\" content=\"bohater, kt\u00f3ry wywiezie tw\u00f3j gruzKapitan GRUZ &nbsp;Kim jest kapitan gruz?Kapitan Gruz po bohatersku zajmie si\u0119 Twoim problemem z odpadami. Oferujemy wynajem kontener\u00f3w, odbi\u00f3r, wyw\u00f3z oraz utylizacj\u0119 \u015bmieci na terenie wojew\u00f3dztwa \u015bl\u0105skiego.\u00a0 I chocia\u017c Kapitan Gruz m\u00f3g\u0142by si\u0119 kojarzy\u0107 jedynie z wywozem gruzu, w naszej ofercie gwarantujemy r\u00f3wnie\u017c zagospodarowanie takich odpad\u00f3w jak: odpady zielone, zmieszane odpady [&hellip;]\" \/>\n<meta property=\"og:url\" content=\"http:\/\/kapitangruz.com.pl\/\" \/>\n<meta property=\"og:site_name\" content=\"Kapitan Gruz\" \/>\n<meta property=\"article:modified_time\" content=\"2023-09-01T08:16:52+00:00\" \/>\n<meta name=\"twitter:card\" content=\"summary_large_image\" \/>\n<meta name=\"twitter:label1\" content=\"Szacowany czas czytania\" \/>\n\t<meta name=\"twitter:data1\" content=\"11 minut\" \/>\n<script type=\"application\/ld+json\" class=\"yoast-schema-graph\">{\"@context\":\"https:\/\/schema.org\",\"@graph\":[{\"@type\":\"WebPage\",\"@id\":\"http:\/\/kapitangruz.com.pl\/\",\"url\":\"http:\/\/kapitangruz.com.pl\/\",\"name\":\"- Kapitan Gruz\",\"isPartOf\":{\"@id\":\"http:\/\/kapitangruz.com.pl\/#website\"},\"datePublished\":\"2021-11-12T08:43:17+00:00\",\"dateModified\":\"2023-09-01T08:16:52+00:00\",\"inLanguage\":\"pl-PL\",\"potentialAction\":[{\"@type\":\"ReadAction\",\"target\":[\"http:\/\/kapitangruz.com.pl\/\"]}]},{\"@type\":\"WebSite\",\"@id\":\"http:\/\/kapitangruz.com.pl\/#website\",\"url\":\"http:\/\/kapitangruz.com.pl\/\",\"name\":\"Kapitan Gruz\",\"description\":\"Wezwij Bohatera w gospodarowaniu odpadami\",\"potentialAction\":[{\"@type\":\"SearchAction\",\"target\":{\"@type\":\"EntryPoint\",\"urlTemplate\":\"http:\/\/kapitangruz.com.pl\/?s={search_term_string}\"},\"query-input\":\"required name=search_term_string\"}],\"inLanguage\":\"pl-PL\"}]}<\/script>\n<!-- \/ Yoast SEO plugin. -->","yoast_head_json":{"title":"- Kapitan Gruz","robots":{"index":"index","follow":"follow","max-snippet":"max-snippet:-1","max-image-preview":"max-image-preview:large","max-video-preview":"max-video-preview:-1"},"canonical":"http:\/\/kapitangruz.com.pl\/","og_locale":"pl_PL","og_type":"article","og_title":"- Kapitan Gruz","og_description":"bohater, kt\u00f3ry wywiezie tw\u00f3j gruzKapitan GRUZ &nbsp;Kim jest kapitan gruz?Kapitan Gruz po bohatersku zajmie si\u0119 Twoim problemem z odpadami. Oferujemy wynajem kontener\u00f3w, odbi\u00f3r, wyw\u00f3z oraz utylizacj\u0119 \u015bmieci na terenie wojew\u00f3dztwa \u015bl\u0105skiego.\u00a0 I chocia\u017c Kapitan Gruz m\u00f3g\u0142by si\u0119 kojarzy\u0107 jedynie z wywozem gruzu, w naszej ofercie gwarantujemy r\u00f3wnie\u017c zagospodarowanie takich odpad\u00f3w jak: odpady zielone, zmieszane odpady [&hellip;]","og_url":"http:\/\/kapitangruz.com.pl\/","og_site_name":"Kapitan Gruz","article_modified_time":"2023-09-01T08:16:52+00:00","twitter_card":"summary_large_image","twitter_misc":{"Szacowany czas czytania":"11 minut"},"schema":{"@context":"https:\/\/schema.org","@graph":[{"@type":"WebPage","@id":"http:\/\/kapitangruz.com.pl\/","url":"http:\/\/kapitangruz.com.pl\/","name":"- Kapitan Gruz","isPartOf":{"@id":"http:\/\/kapitangruz.com.pl\/#website"},"datePublished":"2021-11-12T08:43:17+00:00","dateModified":"2023-09-01T08:16:52+00:00","inLanguage":"pl-PL","potentialAction":[{"@type":"ReadAction","target":["http:\/\/kapitangruz.com.pl\/"]}]},{"@type":"WebSite","@id":"http:\/\/kapitangruz.com.pl\/#website","url":"http:\/\/kapitangruz.com.pl\/","name":"Kapitan Gruz","description":"Wezwij Bohatera w gospodarowaniu odpadami","potentialAction":[{"@type":"SearchAction","target":{"@type":"EntryPoint","urlTemplate":"http:\/\/kapitangruz.com.pl\/?s={search_term_string}"},"query-input":"required name=search_term_string"}],"inLanguage":"pl-PL"}]}},"_links":{"self":[{"href":"http:\/\/kapitangruz.com.pl\/index.php?rest_route=\/wp\/v2\/pages\/169"}],"collection":[{"href":"http:\/\/kapitangruz.com.pl\/index.php?rest_route=\/wp\/v2\/pages"}],"about":[{"href":"http:\/\/kapitangruz.com.pl\/index.php?rest_route=\/wp\/v2\/types\/page"}],"author":[{"embeddable":true,"href":"http:\/\/kapitangruz.com.pl\/index.php?rest_route=\/wp\/v2\/users\/1"}],"replies":[{"embeddable":true,"href":"http:\/\/kapitangruz.com.pl\/index.php?rest_route=%2Fwp%2Fv2%2Fcomments&post=169"}],"version-history":[{"count":7,"href":"http:\/\/kapitangruz.com.pl\/index.php?rest_route=\/wp\/v2\/pages\/169\/revisions"}],"predecessor-version":[{"id":312,"href":"http:\/\/kapitangruz.com.pl\/index.php?rest_route=\/wp\/v2\/pages\/169\/revisions\/312"}],"wp:attachment":[{"href":"http:\/\/kapitangruz.com.pl\/index.php?rest_route=%2Fwp%2Fv2%2Fmedia&parent=169"}],"curies":[{"name":"wp","href":"https:\/\/api.w.org\/{rel}","templated":true}]}}